 167. Suppose n + 213 = -x. Let t = n - -561. Is t a composite number?
True
Let d(l) = l**3 + 28*l**2 - 27*l + 32. Let w be d(-24). Let q = w - -1611. Is q a prime number?
False
Let z(f) = -f**3 + 7*f**2 + 10*f - 4. Let r be z(8). Suppose r*m + 376 = 2812. Is m prime?
False
Suppose 0 = -3*h + 2*i + 19 + 6, -h - 5*i - 3 = 0. Suppose 10*n - 12 = h*n. Suppose 4*j = -n, -j = -x + j + 225. Is x composite?
False
Let l(h) = -2*h + 6. Let f be l(1). Let n(k) = -f*k + 267*k**2 - 3*k - 223*k**2 + 2 - 3. Is n(-4) composite?
True
Is ((-580)/(-70) - 8)*88804744/16 prime?
True
Suppose 0 = -q + 2, -q - 18 = -2*g - 3*g. Suppose -3*v + 1668 = -3*w + 8*w, -g*w = 2*v - 1114. Is v a composite number?
True
Suppose -4*q + 3 = 4*f - 1, 0 = 2*q - f - 5. Let u be 32 - q/(-3)*6. Is 3/4 - (-369)/u a prime number?
True
Is (-5 + 54568)/(0 - -1) + 1*-4 a composite number?
False
Suppose 3*z - 6 = z. Suppose 540 = 4*f + 528. Suppose -v + 731 = -f*x, -z*v = x - 3*x - 2207. Is v a prime number?
False
Let y be 4/(-8) + 26/(-4). Let n(u) = -8*u**3 + 4*u**2 + 3*u + 2. Is n(y) composite?
True
Let m(d) = -2*d**2 + 9*d - 6. Let o be m(4). Is (-993171)/(-86) - 1/o composite?
False
Let d(j) = 3638*j**2 + 34*j - 271. Is d(8) composite?
True
Let b(l) = 83*l**2 - 21*l - 83. Let x = 377 - 383. Is b(x) a prime number?
False
Let c = -15 - -27. Let y(z) = 0 + 4*z - 13*z - 10*z**2 - 12 + c*z**2. Is y(-11) a prime number?
False
Suppose 0 = -13*f + 14*f + 2*k + 204696, -k = 1. Is (f/(-70))/(1/5) a composite number?
False
Suppose 38*f - 185632 = 1366069 + 1314221. Is f prime?
False
Let g(d) = 99*d**2 + 3*d + 3. Let z be g(-1). Let b = z - 88. Suppose 15205 = b*w - 1416. Is w a composite number?
False
Let z(f) be the first derivative of f**4/4 - 4*f**3/3 - f**2 + 4*f - 12. Let y = 25 - 16. Is z(y) prime?
False
Let b(g) = -g**2 + g. Let c be b(1). Suppose -4*f - 3*f = -9247. Suppose c = 3*w - w - 3*j - 2686, -f = -w - 4*j. Is w composite?
True
Suppose 0 = -5*v + 5*n + 25, 5*v = 2*n - 7*n + 75. Let c be (-2*37)/(v/(-35)). Suppose c = 4*x - 3*x. Is x a prime number?
False
Let d = 363803 - 250284. Is d a prime number?
False
Is 3*(-17)/(765/(-3737265)) a prime number?
False
Suppose 3*w + 18 + 0 = 0. Is ((-21925)/(-150))/((-1)/w) composite?
False
Suppose 4*j = -t + 278, t - 6*j = -3*j + 257. Suppose -5*o - 4*b = 1535 + t, -5*o - 3*b = 1797. Let n = 594 + o. Is n composite?
True
Let x(w) = -103*w**2 + 19*w - 117. Let f be x(16). Let m = -13894 - f. Is m composite?
True
Let r(q) = -2*q**3 + 4*q**2 + 2*q - 3. Let o be r(2). Is (1934/(-4))/((3/(-18))/o) prime?
False
Let c(s) = 892*s + 74. Suppose -8*j + 50*j - 252 = 0. Is c(j) composite?
True
Let n(d) = 85*d**2 + 160*d + 139. Is n(-18) prime?
True
Suppose -632*x + 621*x + 545501 = 0. Is x prime?
False
Let t = 179 - 176. Suppose 0 = -t*q - 3, k - 4*q - 7989 = -6*q. Is k a prime number?
False
Let d = 117 + -64. Let j = d + -48. Suppose s + 782 = 3*s - y, j*s - y = 1949. Is s a prime number?
True
Let u = -12 - -16. Suppose 19212 = 4*y - 4*z, u*z = -6*y + y + 23979. Suppose 4794 = 4*o + 2*n, y = 5*o - o + n. Is o a prime number?
True
Let f = -1031 + 1525. Suppose -n - f = -2*g, -3*g + n + n + 743 = 0. Suppose 2*i - 4*q = -q + g, -4*i + 5*q = -493. Is i prime?
True
Suppose -58*u + 4949355 = 920269. Is u a prime number?
True
Let u(o) = -o**2 - 20*o - 171. Let d(j) = j**2 - 20*j - 173. Let g(m) = 5*d(m) - 6*u(m). Is g(-34) prime?
True
Suppose 67*j - 299985 = -5*z + 69*j, 3*z - 4*j - 179977 = 0. Is z prime?
True
Let f = 90 - 91. Let p(j) = -3248*j**3 + 4*j**2 + j. Is p(f) a composite number?
False
Suppose -9*v - 52 = -7*v. Let l be 52/v*11/(-2). Suppose l*g = 2*g + 6597. Is g prime?
True
Suppose 21*v = 1373225 - 28448. Is v composite?
False
Let o = -21602 - -31089. Is o prime?
False
Suppose 1028 = -5*h + w + 158, 193 = -h + 4*w. Let c = -436 + h. Let b = c + 4114. Is b prime?
False
Let m = 190531 + 1023562. Is m prime?
True
Suppose -12744 - 14944 = -8*f. Let d = f + 2046. Is d composite?
False
Suppose -70 = -14*q - 0. Suppose a = -2*l - 4*a + 5187, q*l - 12890 = 3*a. Is l a prime number?
False
Let c(g) = -g + 1. Let o(i) = 791*i + 42. Let r(u) = -7*c(u) + o(u). Is r(9) prime?
False
Suppose 0 = -88*g + 974623 + 2298009. Is g prime?
True
Let v(l) = l**2 - 2*l + 5 + 2060*l**3 + 550*l**3 + 0*l**2. Is v(2) prime?
False
Suppose 0 = -7*o + 2797 + 25056. Let m = -1040 + o. Is m a prime number?
True
Let l be (-1)/3 - (-400)/12. Let p = -7558 + 7587. Suppose 9868 = l*i - p*i. Is i a prime number?
True
Let r be (-10 + 4)*10/4. Let g(b) = 2*b + 28. Let q be g(r). Is -3 - (162/(-12) - 1/q) a prime number?
False
Let v(l) = l**3 + 7*l**2 + 4*l + 2. Let q be v(-6). Let m = q + -21. Let h(w) = -82*w - 23. Is h(m) a prime number?
False
Suppose 4*h - 2 = 5*b, 5*h - 14 + 5 = 3*b. Suppose 13130 = 8*u - h*u - 5*z, -2*u - 2*z + 5272 = 0. Is u a prime number?
False
Let v be -265*(-17)/(17/4530). Is v/650 - (-4)/26 a composite number?
False
Is ((-50)/(900/219969))/((-3)/2) a prime number?
True
Let l = -53 + 59. Suppose -64 = -l*p - 52. Is (-208586)/(-84) - p/12 composite?
True
Is 252/27*18/42 - (2 + -460533) a composite number?
True
Let l(k) = 64*k**3 + 3*k**2 - 8*k + 37. Let u(n) = -63*n**3 - 2*n**2 + 8*n - 40. Let b(x) = 4*l(x) + 3*u(x). Is b(5) prime?
True
Let i(y) = 4*y + 77. Let u(g) = -g**3 + 12*g**2 - 10*g + 6. Let o be u(11). Is i(o) prime?
False
Let l(z) = 2*z**2 + 37*z + 68. Let h be l(-18). Suppose -29*f + h*f = 31773. Is f prime?
False
Suppose 76664*u + 20462892 = 76676*u. Is u composite?
False
Suppose -29*m + 28 = -1. Is 638472/104*m - (-2)/(-13) prime?
False
Is 29645 - (8 - 28/8)*-2 a prime number?
False
Let y = -143826 - -206567. Is y composite?
True
Let h(a) = -a**2 + 15*a + 30. Let q be h(17). Let c(s) = -7*s**3 + 9 - 7*s**2 + 7*s + 4*s**2 - 5*s**3. Is c(q) composite?
False
Suppose 15*i = 528101 - 54367 + 600851. Is i a prime number?
False
Suppose 144*b - 6747974 = -2*b. Is b a prime number?
True
Let j(d) = 1534*d**2 + 9*d - 202. Is j(9) a prime number?
True
Let t = 500 + -444. Suppose 61257 = t*o - 23527. Is o a composite number?
True
Suppose -5*j + 99423 + 83266 + 9166 = 0. Is j a composite number?
False
Let d(a) = 22627*a - 552. Is d(13) a composite number?
False
Let p be 21/6 - 2/(-8)*-6. Let c be 624/(-32) - p/4. Is 80 + 1 - (16 + c) a composite number?
True
Let v(a) = 43*a**2 - 23*a + 85. Let c be v(4). Suppose -u + 271 = z, -277 = -0*z - z + 5*u. Let r = c - z. Is r composite?
False
Let b(x) = -706*x**3 - x**2 + 19*x - 49. Is b(-10) a composite number?
True
Let c = 51226 + -11184. Is c composite?
True
Let j = 149 - -47. Suppose 2*z = -5*o + 1301, -4*o = -1 - 3. Suppose 0 = 2*y - g - 526 + j, -4*y + z = g. Is y a prime number?
True
Let i(l) = -l**2 + 3*l + 121. Let r be i(0). Let z = 24 - r. Is (-1*14)/2*z a composite number?
True
Is (11/22)/(12/3355368) a prime number?
False
Let u(f) = 5*f**2 + 47*f + 1217. Is u(-34) prime?
True
Let o be -1945 - (-2 + -5 + 2). Let q = 6787 + o. Is q prime?
False
Let v(t) = -3*t**3 - 17*t**2 - 12*t - 8. Let f be v(-5). Suppose 2*q + y - 1387 = -2*y, 0 = -f*q + y + 1407. Is q prime?
True
Let t = 146 + -147. Is (-6)/((-6)/4715) + 3 + t prime?
False
Suppose 0 = -6*h + 1013 + 985. Let x(b) = -b**3 - 2*b**2 - 2*b + 1. Let w be x(-2). Suppose 3*d + h = w*v + 118, -3*d - 123 = -3*v. Is v composite?
True
Let h(y) = y + 895*y**2 + 73*y**3 - 43 - 898*y**2 + 6*y. Is h(6) a prime number?
False
Let h = -357240 + 1059057. Is h a composite number?
True
Let w(f) = -f**2 + 5. Let t be w(-2). Let l be (8/4 + -1 + 2)/t. Suppose -l*g = -369 - 30. Is g a composite number?
True
Let d(q) = 6205*q**3 + 22*q**2 - 60*q - 16. Is d(3) a composite number?
False
Let z(b) = -1655*b + 2402. Is z(-7) prime?
False
Let n(k) = 2380 + 96*k + 2395 - 7173 + 2359. Suppose 30 - 9 = 3*w. Is n(w) a prime number?
False
Suppose -19*k - 642114 + 4314491 = 0. Is k a composite number?
False
Let j be 156 + 6/2 + -6. Suppose -13 + 385 = -6*n. Let v = j + n. Is v composite?
True
Suppose -4*k - 4*m = -68, -5*k - m = -4*m - 45. Let r be 124*k + (1 - 4). Suppose -2*h = -4*b - 2300 - 622, 0 = h + 4*b - r. Is h a prime number?
False
Let o(f) be the second derivative of -11*f**4/3 - 13*f**2/2 + 10*f. Let p be o(-4). Is p*((-3)/(-9) - 2) prime?
False
Let o = 970406 + -28149. Is o a pr